he prime factors of l?
2, 5, 2351
Suppose -4*n + 3*g + 26 = 0, -2*n - 3*g + 6*g + 16 = 0. Suppose 1 - 5 = -2*y, 3*y = -n*b + 6446. Suppose 890 + b = 11*r. List the prime factors of r.
2, 3, 11
Let z(n) be the first derivative of -n**4/4 + 26*n**3/3 + 29*n**2/2 + 2*n + 2. List the prime factors of z(27).
2, 7
What are the prime factors of -4 + (-5)/5 - ((-6581 - -9) + 1)?
2, 7, 67
Suppose 194*k = 196*k - q - 12913, -32260 = -5*k - 5*q. List the prime factors of k.
5, 1291
Suppose -9 = -8*l + 7. Suppose l*m + 735 = 9*m. Suppose -m = -2*o - 9. List the prime factors of o.
2, 3
Let f = 1346 + -1076. List the prime factors of f.
2, 3, 5
Suppose 2*t + 5*f - 3085 + 82 = 0, t = 5*f + 1509. Suppose -355 = -13*r + t. What are the prime factors of r?
11, 13
Let k be -9*(-2)/(-3 + -7)*-5. Let i = 11 + k. List the prime factors of 24/i*50/4.
3, 5
Let i(g) = g**3 + 11*g**2 - 13*g - 12. Let o be i(-12). Suppose o = 6*j - 9*j + 579. Suppose -5*l + j + 32 = 0. What are the prime factors of l?
3, 5
Suppose -2*v + 37 = -5*i, -5*v - i = -32 + 7. Suppose 36 = 2*a + v*t - 2*t, t - 39 = -3*a. List the prime factors of ((-9)/(-2))/(6/a).
3
Suppose 2100 = -7*l + 21*l. Suppose 2*c + 2*t = l, -3*t + 77 = -3*c + 320. List the prime factors of c.
2, 3, 13
Suppose a + 18 = 4*w, -5 - 5 = 5*a - 4*w. Suppose 6*g = 3*j + 3*g - 2535, -a*g + 3374 = 4*j. List the prime factors of j.
2, 211
Suppose -12*s = -14*s. Suppose 3*h = -6 - s. List the prime factors of h/(-7) - 878/(-14).
3, 7
Let q = 111 + -107. Suppose -7 = -q*x + 3*r - 2*r, x + 5*r = 28. Suppose x*v + 2 = 5, 3*v = -3*u + 255. List the prime factors of u.
2, 3, 7
Suppose 54818 = 11*a - 10687. List the prime factors of a.
3, 5, 397
Let c(z) = 40*z**2 + 8*z + 5. Let l be c(-3). Let b = l - 95. What are the prime factors of b?
2, 3, 41
List the prime factors of 8 - (-345 - -6) - -12.
359
Let v(y) = -3*y**3 - 7*y**2 + y. Let x be v(-3). Suppose 7*z - a = 3*z + 861, 3*a = -x. List the prime factors of z.
2, 107
Suppose -10 = -2*h - 0. Suppose -4*j - 4*i = -0*j - 36, 2*j + h*i = 30. Suppose -5*d = -j*y - 15, 5 + 10 = 5*d + 3*y. What are the prime factors of d?
3
Let m(g) = 39*g + 46. Let u(f) = -77*f - 92. Let c(w) = 11*m(w) + 6*u(w). Let j be c(-7). Let n = 327 - j. List the prime factors of n.
2, 71
Suppose -79 = a - 81. Let y(t) = t**3 - 3*t**2 + 6*t - 3. Let b be y(a). List the prime factors of (35/10)/(b/150).
3, 5, 7
What are the prime factors of 4420251/533 + 2/(-13)?
8293
Suppose 23*w - 1133852 = -410525. List the prime factors of w.
3, 11, 953
Let l = 82 + -79. Suppose 0*u = 5*u - 4*j + 761, 3*j = l*u + 459. Let c = 237 + u. What are the prime factors of c?
2, 11
Let u(x) be the second derivative of -x**5/20 - x**4/3 + 2*x**3/3 + 2*x**2 + 16*x. Let o be u(-4). Let r(f) = -5*f + 36. What are the prime factors of r(o)?
2, 3
Suppose 0 = -8*h - 56 - 456. Let y = h - -213. What are the prime factors of y?
149
Let l(g) = -g**3 + 13*g**2 - 13*g - 22. Suppose -6*t = -72 - 0. Let x be l(t). What are the prime factors of (-36)/(-10)*(-255)/x?
3
Let b(o) = -23*o - 37. Suppose 0 = -6*j + 9*j - 24. Let v be (-3)/4*(16 - j). What are the prime factors of b(v)?
101
Suppose 15562 + 38150 = 16*x. List the prime factors of x.
3, 373
Let t be 4 - 7 - (-3 + 0). Suppose -2*i = -5*g + 9, t = -5*g + 2*g + 3. What are the prime factors of (555/10 + i)*2?
107
List the prime factors of 26/(-91)*7 - -2006.
2, 3, 167
Let m(w) = 5*w + 14. Let s(c) = 2*c + 2. Let t be s(-6). Let z be m(t). List the prime factors of 3 + z/16 - (-505)/20.
2, 13
Let h(m) be the first derivative of m**4/4 - 2*m**3/3 + 6*m**2 + 33*m - 247. List the prime factors of h(6).
3, 83
Suppose -3*a = -0*j - 4*j - 3805, a - 5*j - 1283 = 0. Suppose -4*u - a = -3607. What are the prime factors of u?
2, 293
Suppose 5 = -10*z + 55. Suppose -3*g - g = -3*i - 1328, 0 = z*i + 20. List the prime factors of g.
7, 47
Let z(r) = -32*r**3 + 13*r**2 + 29*r - 35. List the prime factors of z(-6).
71, 101
What are the prime factors of -9 + 21119 - (5 + -22)?
37, 571
Let h = 57 - 54. Suppose h*w = -i + 1, 5*i = 4*w - 17 - 16. What are the prime factors of w?
2
Let c = 71 - 63. Suppose 0 = c*g - 2 + 10. What are the prime factors of ((-201)/15)/(g/5)?
67
Let l(a) = -16*a - 33. Suppose 0 = 208*y - 204*y + 36. What are the prime factors of l(y)?
3, 37
Let p(j) = 9*j**3 - 11*j**2 + 5*j + 15. What are the prime factors of p(5)?
2, 5, 89
Suppose 0 = 31*m - 141*m + 504934 + 2444056. List the prime factors of m.
17, 19, 83
Let g(c) = -c**3 - 48*c**2 - 58*c - 311. List the prime factors of g(-48).
2473
Suppose 46*x = 15*x - 9145. Let w = 334 - x. What are the prime factors of w?
17, 37
Let a(m) be the third derivative of 7*m**5/60 + m**4/2 + 43*m**3/6 - 6*m**2 - 3*m. What are the prime factors of a(-12)?
907
Let y(b) = -6*b + 16. Suppose -73 + 213 = 4*p. Let o = p - 44. What are the prime factors of y(o)?
2, 5, 7
What are the prime factors of 94740/40 + -4 + (-21)/(-6)?
2, 37
Let z = 12 + 6. Suppose 5*s - 3 = -3*j, 2*s + 0*s = -4*j + z. Let u = j + 9. List the prime factors of u.
3, 5
Suppose 0 = 2*h - 2*t - 42, 2*h = 5*t - 29 + 71. Suppose h*x + 330 = s + 16*x, 0 = -x - 1. What are the prime factors of s?
5, 13
List the prime factors of ((1/5)/((-339)/115825))/(2/(-24)).
2, 5, 41
Let g = 22 + -19. Suppose -3 = -5*t - 3*z + 12, -5*z = -g*t + 9. Suppose t*x = v + 9, -7*v + 11 = -x - 2*v. List the prime factors of x.
2
Let f = -28 + 63. Suppose 9*z - 4*z - 4*n = f, 2*z + 2*n = -4. Suppose 6 = z*o - o, -2*o - 249 = -3*h. List the prime factors of h.
5, 17
Let w be (2 - -9) + -5 - -37. What are the prime factors of (w - 36)/((-1)/(-137))?
7, 137
Suppose -3*s + a = -1806, 1818 = 3*s + 4*a - 9*a. Let r = 1005 - s. Suppose 0 = -6*d + 328 + r. What are the prime factors of d?
2, 61
Suppose 3*w + 2 + 4 = 0, -2*g - 4*w = -1068. Suppose -335 = -9*j + g. What are the prime factors of j?
97
Let i be (-51210)/(-7) + 4/14. Suppose i + 1459 = 15*x. What are the prime factors of x?
3, 5, 13
Let q be (40/(-30) + 3)/(3/36). Suppose 0 = 3*w - 4*t - 2346, -17*t + q*t = 2*w - 1563. List the prime factors of w.
2, 3, 131
Let q be (29 + -8)*((-6)/9 + 1). Let a(z) = 3*z**2 + 28*z - 170. List the prime factors of a(q).
173
Let t = 511 + -132. Let n = t + -209. List the prime factors of n.
2, 5, 17
Let n = -113 - -109. What are the prime factors of (990/(-36))/(10/n - -2)?
5, 11
Let s = -456 + -41. Let l = s - -798. What are the prime factors of l?
7, 43
Let u be 0 - (-3 - 21/(-9))*6. Let m be u + -4 + 1*(-6 + -3). Let t(z) = -z**2 - 14*z - 16. What are the prime factors of t(m)?
29
Let q be (-310)/20 + (-2 + 1)/(-2). Let l(t) = -t + 17. Let i be l(q). Let k = 83 + i. What are the prime factors of k?
5, 23
Suppose -12*n + 8*n + 15892 = 0. What are the prime factors of n?
29, 137
Suppose -5*g = 5*c - 10, -8*c - 4 = -4*c. Let u = 0 + g. Suppose z + 313 = 4*d, -u*d + z + 246 = 4*z. What are the prime factors of d?
79
Let r = 52139 + -30789. What are the prime factors of r?
2, 5, 7, 61
Suppose 2*f = -f - 2*y + 14, -26 = -3*f - 5*y. Suppose 0 = f*r + 6 - 0. List the prime factors of 5 - 4 - (-100 - r).
2, 7
Let a(p) be the second derivative of p**5/10 + 49*p**4/6 - 29*p**3/6 - 78*p**2 + 3*p - 14. List the prime factors of a(-49).
5, 11, 23
Suppose 0 = -11*s - 1395 - 2675. Let c = s + 857. What are the prime factors of c?
487
What are the prime factors of 265573/66 + (-2)/(-12)?
2, 503
Suppose -10*l - 30392 = -2*j - 8*l, 3*j - 45583 = -2*l. List the prime factors of j.
3, 5, 1013
Let p = 264 - 165. Let z be (-2)/(-9) + 176/p - -4. Suppose 0*u = z*u - 960. List the prime factors of u.
2, 5
What are the prime factors of -7 - (-1575 - -6 - -5)?
3, 173
Let z(k) = 2*k**3 + 6*k**2 - 10*k - 5. Let s be -8 + (3 - 2)*4. Let g be z(s). Suppose g*f + 3*c - c - 260 = 0, -c - 266 = -3*f. List the prime factors of f.
2, 11
Let o be (2 + 0)/(50/(-275)). What are the prime factors of (-1)/o + (-64320)/(-88)?
17, 43
Let q(a) = 9*a**2 - 23*a + 5. Let g(c) = 3*c**2 - 8*c + 2. Let h(w) = -17*g(w) + 6*q(w). Let j be h(-3). Let i = j - -5. What are the prime factors of i?
2, 17
Let l(k) = 105*k**2 - 9*k + 12. Let v(n) = n**2 + 4*n - 58. Let t be v(6). List the prime factors of l(t).
2, 3, 23
Let n be ((-2)/4)/(1/4). What are the prime factors of (-3)/n*